n 1822317 is divided by 130142?
329
Calculate the remainder when 2498591 is divided by 595.
186
What is the remainder when 6829558 is divided by 131?
4
Calculate the remainder when 4394456 is divided by 13.
1
What is the remainder when 3199168 is divided by 4782?
10
Calculate the remainder when 640604 is divided by 13073.
27
What is the remainder when 81596 is divided by 5403?
551
What is the remainder when 36368144 is divided by 58?
56
What is the remainder when 183853 is divided by 69?
37
What is the remainder when 41170306 is divided by 4641?
4636
What is the remainder when 288892 is divided by 142456?
3980
Calculate the remainder when 1854212 is divided by 4148.
56
What is the remainder when 34960596 is divided by 17?
11
What is the remainder when 4132337 is divided by 42?
41
Calculate the remainder when 104497 is divided by 4258.
2305
Calculate the remainder when 27482 is divided by 6819.
206
Calculate the remainder when 112559 is divided by 4405.
2434
What is the remainder when 902108 is divided by 3483?
11
What is the remainder when 354060 is divided by 272?
188
Calculate the remainder when 28759 is divided by 1510.
69
What is the remainder when 707824 is divided by 264?
40
Calculate the remainder when 7329542 is divided by 4337.
12
What is the remainder when 10633 is divided by 391?
76
What is the remainder when 16842 is divided by 457?
390
Calculate the remainder when 143539306 is divided by 131.
117
What is the remainder when 334656 is divided by 3637?
52
Calculate the remainder when 43423 is divided by 9761.
4379
Calculate the remainder when 12856091 is divided by 12.
11
Calculate the remainder when 1432993 is divided by 134.
131
Calculate the remainder when 172223905 is divided by 740.
5
Calculate the remainder when 1448466 is divided by 128.
18
What is the remainder when 986551 is divided by 4933?
4884
Calculate the remainder when 1495632 is divided by 747671.
290
Calculate the remainder when 1583023 is divided by 21.
1
Calculate the remainder when 23657341 is divided by 4.
1
Calculate the remainder when 121425826 is divided by 7589114.
2
What is the remainder when 15465270 is divided by 4960?
4950
What is the remainder when 475607 is divided by 608?
151
Calculate the remainder when 59797 is divided by 1053.
829
What is the remainder when 46186 is divided by 1111?
635
Calculate the remainder when 7213247 is divided by 96.
95
What is the remainder when 7401705 is divided by 831?
819
Calculate the remainder when 5006 is divided by 1249.
10
What is the remainder when 2183604 is divided by 58?
20
Calculate the remainder when 241025 is divided by 2534.
295
What is the remainder when 319580 is divided by 63779?
685
What is the remainder when 68020553 is divided by 2758?
2757
Calculate the remainder when 1326957 is divided by 82933.
29
What is the remainder when 18582216 is divided by 19938?
0
Calculate the remainder when 1250412 is divided by 10686.
150
Calculate the remainder when 520618 is divided by 259939.
740
Calculate the remainder when 35146 is divided by 1473.
1267
What is the remainder when 32226653 is divided by 242?
239
What is the remainder when 1199036 is divided by 246?
32
What is the remainder when 18263291 is divided by 50?
41
Calculate the remainder when 7565 is divided by 7481.
84
What is the remainder when 13411910 is divided by 13411910?
0
Calculate the remainder when 49541082 is divided by 803.
800
Calculate the remainder when 121399 is divided by 23786.
2469
What is the remainder when 3756 is divided by 2362?
1394
What is the remainder when 399247 is divided by 4865?
317
What is the remainder when 81656 is divided by 115?
6
Calculate the remainder when 62006 is divided by 5509.
1407
Calculate the remainder when 59939657 is divided by 29969821.
15
What is the remainder when 300934 is divided by 50150?
34
What is the remainder when 1280946 is divided by 264?
18
What is the remainder when 7278 is divided by 818?
734
Calculate the remainder when 2035216 is divided by 90.
46
What is the remainder when 7897 is divided by 224?
57
What is the remainder when 51627 is divided by 227?
98
What is the remainder when 20655620 is divided by 1677?
11
Calculate the remainder when 15026 is divided by 1977.
1187
Calculate the remainder when 270914 is divided by 54176.
34
Calculate the remainder when 261674 is divided by 23787.
17
What is the remainder when 234172509 is divided by 9?
6
Calculate the remainder when 368308 is divided by 8005.
78
What is the remainder when 1380779 is divided by 577?
18
Calculate the remainder when 187421696 is divided by 262.
258
Calculate the remainder when 62183046 is divided by 12436605.
21
What is the remainder when 68693 is divided by 2979?
176
Calculate the remainder when 44659845 is divided by 1823.
1814
Calculate the remainder when 35999539 is divided by 42154.
23
What is the remainder when 8483084 is divided by 3373?
3362
Calculate the remainder when 1872446 is divided by 34044.
26
Calculate the remainder when 5632061 is divided by 6802.
5
What is the remainder when 6575566 is divided by 821943?
22
What is the remainder when 2105570 is divided by 201?
95
What is the remainder when 269932 is divided by 70?
12
Calculate the remainder when 581902 is divided by 116376.
22
Calculate the remainder when 161871080 is divided by 909.
905
What is the remainder when 13519626 is divided by 341?
340
What is the remainder when 289160015 is divided by 96386669?
8
What is the remainder when 1055 is divided by 1047?
8
Calculate the remainder when 10484826 is divided by 58.
50
What is the remainder when 268301 is divided by 3192?
173
Calculate the remainder when 1276328 is divided by 111.
50
What is the remainder when 2088554 is divided by 139235?
29
Calculate the remainder when 1285730 is divided by 1066.
134
Calculate the remainder when 395325 is divided by 395317.
8
What is the remainder when 2330575 is divided by 5?
0
Calculate the remainder when 5998550 is divided by 1499554.
334
What is the remainder when 2566748 is divided by 2410?
98
Calculate the remainder when 872125785 is divided by 5327.
5326
Calculate the remainder when 7122068 is divided by 287.
163
What is the remainder when 439954 is divided by 614?
330
What is the remainder when 741845473 is divided by 21?
19
Calculate the remainder when 959289726 is divided by 16.
14
What is the remainder when 141883117 is divided by 29?
8
Calculate the remainder when 690134 is divided by 1456.
1446
What is the remainder when 16286787 is divided by 1438?
1437
What is the remainder when 150500175 is divided by 2?
1
Calculate the remainder when 2667802 is divided by 276.
262
Calculate the remainder when 7804413 is divided by 174.
165
What is the remainder when 56817 is divided by 18658?
843
Calculate the remainder when 3934180 is divided by 6748.
96
Calculate the remainder when 268732 is divided by 268630.
102
What is the remainder when 6885336 is divided by 29678?
40
What is the remainder when 161677 is divided by 9494?
279
What is the remainder when 2802074 is divided by 1304?
1082
Calculate the remainder when 155537671 is divided by 3595.
3591
Calculate the remainder when 153807 is divided by 76887.
33
What is the remainder when 311273 is divided by 311256?
17
Calculate the remainder when 764388 is divided by 33.
9
What is the remainder when 240582 is divided by 881?
69
Calculate the remainder when 22174702 is divided by 660.
22
Calculate the remainder when 4929302 is divided by 4929224.
78
Calculate the remainder when 326623 is divided by 1579.
1349
What is the remainder when 11692578 is divided by 19?
16
What is the remainder when 306062 is divided by 20279?
1877
What is the remainder when 143475 is divided by 2437?
2129
Calculate the remainder when 208696 is divided by 104306.
84
What is the remainder when 260444 is divided by 2189?
2142
Calculate the remainder when 210773 is divided by 1156.
381
What is the remainder when 657208 is divided by 5521?
209
Calculate the remainder when 50291 is divided by 23104.
4083
What is the remainder when 222077 is divided by 215?
197
What is the remainder when 224598 is divided by 2042?
2020
What is the remainder when 7501 is divided by 1823?
209
What is the remainder when 15659349 is divided by 265?
234
What is the r